Let k be -6*6/(-36) - 18. What is the remainder when u(k) is divided by 3?
1
Let a(l) = l**2 + 4*l + 4. Let x(z) = -z**3 + z**2 + 5*z + 4. Calculate the remainder when x(-3) is divided by a(-5).
7
Let u be (-1502)/(-1)*(-35)/(-70). Suppose -4*d - u = -y, -d + 956 = 2*y - 510. Calculate the remainder when y is divided by 67.
65
Suppose -s - 64 = -5*s. Let v(c) = -6*c - 94. Suppose -40*h + 16*h - 624 = 0. What is the remainder when v(h) is divided by s?
14
Suppose -5*c = -2*u - 5, -12*c - 7 = -16*c + u. Suppose -8*v = -3*v - 5*t - 55, c*v - 5*t - 27 = 0. Calculate the remainder when 179 is divided by v.
11
Suppose 133*q - 41 = -2*t + 132*q, 4*t - 83 = -q. Let z = -24 + 97. Calculate the remainder when z is divided by t.
10
What is the remainder when ((-1368)/45)/(6*1/(-105)) is divided by 138?
118
Let n be 9 + -8 - 132*-6. What is the remainder when 58/203*(-2 + n) is divided by 12?
10
Let y(v) = -v + 144. Let o be y(-6). Suppose a = 7*a - o. Calculate the remainder when 97 is divided by a.
22
Let d be 8 - 2 - 15/(-1). Suppose 0 = -d*s + 30*s - 315. What is the remainder when s is divided by 3?
2
Let y = 2230 + -2090. What is the remainder when y is divided by 11?
8
Suppose z - 74 = -4*q, 4*z + 27 = -4*q + 311. Let s = z - -135. What is the remainder when s is divided by 54?
43
Let l(n) = 12*n - 105. Let r be l(9). Let s(g) = 2*g**3 + 3 - 4*g + g**3 - 2*g**3 + 3. Calculate the remainder when s(r) is divided by 6.
3
Suppose 0 = 2*o - 2*i - 8, 7*o - 26 = 2*o - i. Suppose -19 = -x - o. Suppose w = x + 19. Calculate the remainder when w is divided by 12.
9
Let f(k) = -k**3 + 18*k**2 + 25*k + 11. What is the remainder when 2177 is divided by f(17)?
2
Let g = 10695 - 10336. Calculate the remainder when g is divided by 239.
120
Suppose -218*h - 199*h + 1190 = -382*h. What is the remainder when 645 is divided by h?
33
What is the remainder when (-4180 - (7 + -35))*1/(-2) is divided by 63?
60
Let o(y) = -5*y - 46. Let c be o(-10). What is the remainder when (0 - (-10)/c)*(-2 + 44) is divided by 28?
21
Let z = 166 + 63. Suppose 3*f = 3*m + 129, 188*m = 186*m + 6. What is the remainder when z is divided by f?
45
Let g(f) = -4*f**3 - 16*f**2 - 52*f - 70. What is the remainder when g(-7) is divided by 26?
24
Let n(d) = -d**2 - 2*d - 6. Let w be n(3). Let m = -16 - w. What is the remainder when 9 is divided by m?
4
Let n(z) = -126*z - 62. Let g be n(-38). Suppose g = 7*s - 1637. Calculate the remainder when s is divided by 19.
16
Suppose 73 = 3*m - 5*c, 0*m - 5*c - 21 = -m. Calculate the remainder when m is divided by 8 - (-11 + (-36)/(-12)).
10
Let q = 4825 - 4703. Calculate the remainder when q is divided by 30.
2
Suppose 3*i = 4*x - 232, -7*i - 308 = -3*i - 5*x. Let w = i - -80. Let n(c) = c + 11. What is the remainder when n(0) is divided by w?
3
Let f = 108 + -85. Calculate the remainder when 60/3 + 2 - -2 is divided by f.
1
Let o = -5319 - -5372. Calculate the remainder when 444 is divided by o.
20
Let t be 72/32*4/3. Suppose t*c = 257 + 7. Let q = c + -11. What is the remainder when q is divided by 20?
17
Suppose 56 = 2*b + 4*p, -4*b = 4*p + 63 - 159. What is the remainder when (-141)/(-1128) - (1/3 - (-4253)/(-24)) is divided by b?
17
Let y(b) = b**2 - 21*b + 23. What is the remainder when 269 is divided by y(23)?
62
Let g(r) = -20*r**3 - 2*r**3 - r - 45*r**3 - 13*r**3. Let w be g(-1). Suppose 84*j = w*j + 63. Calculate the remainder when 102 is divided by j.
18
Suppose 5*u + 2*m = 291, 516*u - 512*u - 244 = -3*m. What is the remainder when 1050 is divided by u?
5
Let t be -17 + (-2)/6*3. Let i(m) = -6 + 2*m**2 + 48 - 3*m**2 - 59*m + 42*m. What is the remainder when 43 is divided by i(t)?
19
Suppose 17*c - 16*c - 8445 = -a, 3*a = c - 8417. What is the remainder when c is divided by 20?
18
Let j(v) = v**2 - 3*v + 16. Suppose -159*g + 1037 = -36964. Calculate the remainder when g is divided by j(9).
29
Suppose -x + 5*p + 4 = -26, 0 = -5*p - 5. Suppose -5*h = 4*y - 2*h - 5, -y - h = 0. Suppose y*m - m = 60. Calculate the remainder when x is divided by m.
10
Let d(t) = 4*t + 8*t + 0 - 5*t + 2*t**2 - 1. Let y = 532 - 507. What is the remainder when y is divided by d(-5)?
11
Let w(o) = -7*o - 4*o + 4 - 11*o + 24*o. Let t be w(1). Let i = 10 + t. Calculate the remainder when 110 is divided by i.
14
Let j = -8067 + 8081. What is the remainder when 10849 is divided by j?
13
Let i(j) = -7*j + 47. Let p be i(8). Calculate the remainder when 49 is divided by (-3)/5 - (p - (-588)/(-30)).
21
Let j = -289 - -1544. Calculate the remainder when j is divided by 224.
135
Let w(a) = -6*a**2 + 194*a + 77. Calculate the remainder when 532 is divided by w(32).
109
Let b be 34*(-26)/(-39)*3/2. Suppose -126 = b*s - 5702. What is the remainder when s is divided by 24?
20
Let a(x) = 130*x - 1791. What is the remainder when 837 is divided by a(20)?
28
Let o(x) = x**2 + 20*x + 17. Let h be -14 - 12/10*5. Calculate the remainder when 44 is divided by o(h).
10
Let o(y) = 4*y**2 - 3*y + 3. Suppose 6 - 15 = -3*s. What is the remainder when o(s) is divided by 8/(-12)*(-24)/2?
6
Let s = -7 + 4. Let c(p) = -p**2 - 6*p + 2. Suppose 61*l + 2325 = 92*l. What is the remainder when l is divided by c(s)?
9
Suppose 0 = -3*c - 11*c + 2548. Let n = -180 + c. What is the remainder when n is divided by 1?
0
Let z(r) = 6*r. Let q be z(1). Let f(l) = -l**2 + l. Let g(h) = h**2 + 7*h + 10. Let k(w) = 2*f(w) + g(w). Calculate the remainder when 55 is divided by k(q).
27
Let s(i) = i**2 + 2*i - 12. Let n be s(3). Suppose n*w = 3*k - 24, 2 = -4*w - 6. Let q = 16 - k. What is the remainder when 37 is divided by q?
7
Let w be -2 + 169 - 15/(10/(-2)). Suppose 8*x + 42 = w. What is the remainder when 26 is divided by x?
10
What is the remainder when (-4 - -3)*-573*(3 + -2) is divided by 129?
57
Let l(b) = b**2 + 4*b + 2. Let h be l(-6). Suppose -4*w + 46 - h = 0. Let o(d) = -d**3 + 10*d**2 - 4*d + 14. What is the remainder when o(w) is divided by 37?
36
Let u(m) = m**2 - 185*m - 9. Let p(r) = -r**2 + 553*r + 27. Let l(k) = 3*p(k) + 8*u(k). Calculate the remainder when 672 is divided by l(-36).
42
What is the remainder when (-383460)/(-1890) - 1/(-9) is divided by 37?
18
Suppose -206*s = -2*q - 205*s + 286, -3*s = -18. What is the remainder when q is divided by 15?
11
Suppose 0 = x + 3, 3*f - 2*f = x + 4. Let k be -6*((-4)/(-4) - -1 - f). Calculate the remainder when 7/(10/(-12)*k/15) is divided by 11.
10
Suppose -481*p - 303 = -483*p + 5*f, 2*p + 7*f - 267 = 0. Calculate the remainder when p is divided by 36.
0
Let s(h) = -2*h - 40. Let w be s(10). Calculate the remainder when 59 is divided by (-16)/w*-3*-20.
11
Suppose 21*c - 2380 + 826 = 0. Calculate the remainder when 357 is divided by c.
61
Suppose 5*g = -2*d + 286, -g = -25*d + 30*d - 94. Calculate the remainder when 813 is divided by g.
3
Let b = 59 - 47. Let w(s) = s + 29 + b + 4*s + 6. What is the remainder when 19 is divided by w(-8)?
5
Let b(k) = 79*k + 413. What is the remainder when b(1) is divided by 60?
12
Suppose -2*r = x - 223, 5*x - 99*r = -102*r + 1080. What is the remainder when 35570 is divided by x?
212
Suppose 2*v + 4*h - 54 = 0, -16 + 114 = 2*v - 7*h. What is the remainder when v is divided by 10?
5
Suppose 2*h - 8 = -2*h. Suppose -5*f = -3*b + 190, -h*f + b = 48 + 29. Let x = 46 + f. Calculate the remainder when 21 is divided by x.
1
Let i be (3*(-40)/(-12))/((-25)/(-10)). Suppose -2*z = -3*m + 7, 5*z - 14 = -2*m + i*z. Calculate the remainder when 229 is divided by m.
4
Let o(r) = -2346*r - 268. Calculate the remainder when o(-6) is divided by 10.
8
Let z(q) = -q**2 + 144*q + 3085. What is the remainder when z(159) is divided by 178?
166
Let q = -18036 + 18103. What is the remainder when 607 is divided by q?
4
Suppose 367 = b + 3*s, 412 = b - 2918*s + 2916*s. Calculate the remainder when 1146 is divided by b.
358
Suppose 94*v = 82289 + 7105. What is the remainder when 957 is divided by v?
6
Suppose -8 = -4*b - 20. Let r be -4 + (-20 - -5)/b. What is the remainder when r/3 - (-1311)/9 is divided by 37?
35
Suppose 5*q = -3*t + 17546, -197*q + 202*q + 11689 = 2*t. Calculate the remainder when t is divided by 308.
303
Let f be 4/42 + 32/(-336). Suppose -5*y + f*o = -o - 45, -4*y - 4*o = -12. What is the remainder when y is divided 